Let n be a(-1). Let t = u - n. What are the prime factors of t?
3
Let j be ((-44)/14 - -4)*21. Suppose -3*s + j = 2*m, 41 = 3*m + 4*s - 3*s. What are the prime factors of m?
3, 5
Suppose 0*i - 75 = -3*n + i, n + 3*i = 35. Let r = 16 - n. What are the prime factors of (-134)/r - 8/20?
13
Suppose -5 = -3*q + 4. Suppose -i = -4*z - 45, -3*z - 8 = -q*i + 109. Suppose 2*f + i = -2*g + 5*g, 23 = 2*g - f. List the prime factors of g.
3
Let d(q) = q - 19. Let s be d(11). Let n be ((-6)/s)/((-4)/48). Let r = 1 - n. List the prime factors of r.
2, 5
Let x(k) = k**2 - 2*k - 6. Let p(d) = d. Suppose -4*t + t - 3 = 0. Let r(a) = t*x(a) + 5*p(a). What are the prime factors of r(6)?
2, 3
Let b(d) = -11*d - 3. Let h be b(-3). Let n be (h/(-18))/((-2)/(-6)). Let s(f) = f**3 + 6*f**2 + 3*f - 3. List the prime factors of s(n).
7
Suppose -4*i + 8*i = 3*z + 10, 2*z - 5*i + 16 = 0. Suppose -105 = -f - z*f. What are the prime factors of f?
5, 7
Let r be (1 + 1 + -3)*-35. Suppose 0 = -2*i - 2*i + 100. Let y = r - i. What are the prime factors of y?
2, 5
Let x(r) = r**2 + 8*r + 2. Let t(s) = s**2 - 1. Let o be t(1). Suppose -5*q - 24 - 21 = o. What are the prime factors of x(q)?
11
Let d(x) = -x**3 - 3*x**2 - 3*x - 6. List the prime factors of d(-4).
2, 11
Let o(x) = -x**3 - 4*x**2 + 9*x + 2. Let w be o(-6). Suppose -c = -2*c + w. What are the prime factors of c?
2, 5
Suppose -w - 4*m = -0*w + 2, 5*m = -4*w - 52. Let x = w - -30. Suppose 3*i + x = 3*t - 0*i, 2*i - 24 = -2*t. What are the prime factors of t?
2
Suppose 4*y - 34 = -158. Let r = y + 45. What are the prime factors of r?
2, 7
Suppose 2*j - 6 = -4*c, -3*c + j = -2 - 5. Let r = 2 - c. Suppose 2*o + r*o = 18. List the prime factors of o.
3
Suppose 5*r + 3*t = r + 23, 1 = 3*r - t. What are the prime factors of (3 + 2 - r) + 7?
2, 5
Let w(l) = l**3 - 3*l**2 - 10*l - 2. Let u be w(5). List the prime factors of (u*2)/(11/(-44)).
2
Let p = 2 - -1. Let w be (8/6)/(6/9). Suppose -k = w*n - 4*n - 4, -5*n = -p*k + 13. What are the prime factors of k?
2, 3
Let x = -24 - -27. Suppose 15 = 3*p + x*k, 0 = 3*p - 0*p - 4*k - 36. List the prime factors of p.
2
What are the prime factors of (-6)/(-27) + 424/36?
2, 3
Let r be 0/(3 + -2 - 3). Suppose 3*y + r*y + 2*b - 52 = 0, y - 5*b = 6. What are the prime factors of y?
2
Suppose 4*o = -0*o - 3*h + 15, -2*h = o. Suppose 0 = -q + o*q - 50. What are the prime factors of q?
2, 5
Let b(l) = 5*l + 3. Let r be b(4). Let w = 52 + -38. Let v = r - w. What are the prime factors of v?
3
Let m(o) = 2*o**3 + 3*o**2 + 2*o + 3. Let i be m(-2). List the prime factors of (-3 + 2)*(-23 - i).
2, 3
Let k(t) = t. Let n be k(3). Let m be 1/((1 + 1)/4). Suppose -3*r + m*r = -n. What are the prime factors of r?
3
Let z(k) = 20*k + 10. List the prime factors of z(3).
2, 5, 7
Let k = 145 - 48. List the prime factors of k.
97
Let g = -11 - -15. List the prime factors of g.
2
Suppose 1 = -z + 2*z. Suppose 5*d - 4*d - z = 0. Let t = d - -3. What are the prime factors of t?
2
Let p = 1 + 5. List the prime factors of p.
2, 3
Let j be (-2 + -1)*(-2)/(-6). Let z be -6 + 4 - (-1 + j). Suppose z*u - 3*a = -3*u + 24, 0 = -2*a. What are the prime factors of u?
2
Let r = -3 - 6. Let f(m) = -m - 10. Let w be f(r). What are the prime factors of (7/(-21))/(w/21)?
7
Suppose 5*y - 60 = -0*y + 2*r, 0 = 5*y + 2*r - 60. Let h be ((-4)/y)/((-1)/15). Suppose h*b - 3*z = 42, 0*b - 2*z = 3*b - 29. What are the prime factors of b?
3
Let z(c) = -c**3 + 8*c**2 - 5*c - 11. Let v be z(8). Let a = -36 - v. What are the prime factors of a?
3, 5
Let g(h) = 3*h - 9. What are the prime factors of g(7)?
2, 3
Let p be 0*1/2 + -27. Suppose -l + 4*n = 14, -5*n = -0*n + 5. Let b = l - p. List the prime factors of b.
3
List the prime factors of (-624)/(-40)*(39/6 + 1).
3, 13
Let f = 164 + -115. Let o = f - 17. Suppose 8 - o = -4*q. List the prime factors of q.
2, 3
Suppose -4*i - j - 16 = 3*j, 0 = -2*i + 4*j - 20. Let o be (-2)/3 + i/(-9). Suppose -z + 2*r - 1 = o, -z - 5*r - 5 + 32 = 0. What are the prime factors of z?
7
Let w(a) = -3*a**2 - 2*a**3 - 4 - a + 0*a**3 - 2*a**3 + 5*a**3. List the prime factors of w(4).
2
Suppose -5*s - x = 113, -x = -0*x - 2. Let o = -13 - s. Suppose -o = 3*c - 8*c. List the prime factors of c.
2
Let q(h) = -h + 1. Let i(j) = 5*j - 4. Let w = -4 + 2. Let z(l) = w*i(l) - 11*q(l). What are the prime factors of z(6)?
3
Suppose -r - 5*s = 11, -5*r + 33 = -s + 10. Suppose -4*d = -6*d - 3*u + 33, -3*d + 47 = r*u. What are the prime factors of d?
3
Suppose 5*d = 5*l + 110, l = -3*l - 5*d - 79. List the prime factors of (0 + 2)/((-2)/l).
3, 7
Let u be (3/(9/6))/1. Suppose -p + 30 = u*p. List the prime factors of p.
2, 5
Let h = 155 + -83. What are the prime factors of ((-27)/36)/((-2)/h)?
3
Suppose 5*b - 16 - 9 = 0. List the prime factors of b.
5
Suppose -206 + 2894 = 7*h. List the prime factors of h.
2, 3
Let n(a) = -a**3 - 4*a**2 - 2*a - 1. Let k be n(-4). Let l = k - 11. List the prime factors of (-31)/l - (-2)/8.
2
Let r(t) = 2*t + 4 - 9 - t**2 - 9*t. Let n be r(-6). What are the prime factors of 7 + 2/(n/(-1))?
5
Suppose 14*d - 12*d = -56. Suppose h - 71 = 4*f, h - 90 = -0*f + 5*f. Let y = f - d. List the prime factors of y.
3
Let k(l) = -11*l - 46. What are the prime factors of k(-7)?
31
Let f = -17 + 10. Let n = 18 + f. What are the prime factors of n?
11
Let h = 10 + -4. Suppose 3*p = h*p. Suppose 3*c = -p*c + 18. What are the prime factors of c?
2, 3
Suppose -6*h - 181 = -595. List the prime factors of h.
3, 23
Let i be -6*(-2)/(3 - -1). Let k(c) be the second derivative of -c**4/12 + 5*c**3/6 - 2*c**2 + 2*c. What are the prime factors of k(i)?
2
List the prime factors of (-6)/(-24) - ((-283)/4 - -1).
2, 5, 7
Suppose 5*d - 15 = -0. Let f(y) = -5*y**2 - 2*y**2 + 1 + 15*y**d + 4*y**2 - 2*y + 4*y**2. What are the prime factors of f(1)?
3, 5
Let i = -1 - -6. List the prime factors of i.
5
Suppose 123 = 3*h - 2*u - 0*u, 2*h - u - 83 = 0. What are the prime factors of h?
43
Let y be (-1*2)/((-2)/1). What are the prime factors of (y - 16)*9/(-15)?
3
Suppose 6*n - 5*n = 0. Suppose 4*p + n*p - 36 = 0. List the prime factors of p.
3
Suppose 5*a = -5*y + 25, 0 = 5*y - 18 - 2. Suppose 5*g - m = 210, 2*g - 2*m + a = 93. List the prime factors of g.
41
Let x(w) = w - 1. Let m be x(6). Suppose o - n - 25 = -5*n, 0 = 4*o - 5*n + m. What are the prime factors of o?
5
What are the prime factors of (20/(-15))/((-6)/117)?
2, 13
Let i(c) = -c**2 - 13*c - 6. Let f be i(-5). Suppose 0 = -2*r + f + 30. What are the prime factors of r?
2
List the prime factors of -4 - (-5 + 2) - -7.
2, 3
Let a(j) = -j + 8. Let p be a(8). Suppose -m - 3*g = -8, -3*m + 5*m - 2*g - 16 = p. What are the prime factors of m?
2
Let x = -3 + -1. Let a = x - -4. Suppose -3*v + 3*n - 1 + 19 = a, -4*n = 4*v - 16. What are the prime factors of v?
5
Let h(s) be the third derivative of s**5/60 - 2*s**3/3 + s**2. List the prime factors of h(4).
2, 3
Suppose 4 = -h + 8. Let y(v) = -3 + h - 3 + v. What are the prime factors of y(5)?
3
Let y(w) = -2*w**3 + w**2 - w + 1. Let g be y(1). Let h be 25 + 2/(2 + g). Let q = h - 15. List the prime factors of q.
2, 3
Let t be 32/(-5) + (-4)/(-10). What are the prime factors of (t/(-2)*3)/1?
3
Suppose -1 = -2*k + 19. Let u(g) = -g + 13. Let a be u(k). Suppose 4*t + a*q - 8 = 5*q, -2*t = 2*q - 10. List the prime factors of t.
3
Let k(q) = 9*q - 2. Let t be k(-9). Let h = 121 + t. List the prime factors of h.
2, 19
List the prime factors of (65/((-1)/1))/(-1).
5, 13
Let s be 8/5*(-10)/(-4). Suppose 0 - 2 = -k. Suppose -5*v = -3*i - k, i = s*i + 4*v - 34. List the prime factors of i.
2, 3
Let b(a) = -a**2 + 9*a. Let f be b(8). What are the prime factors of 82/f + 2/(-8)?
2, 5
Let y(n) = -n**2 - 7*n - 6. Let r be -10 + 2 + (-4)/(-4). Let p be y(r). What are the prime factors of ((-2)/3)/(p/63)?
7
Suppose 4 = -f, -y + 4 - 1 = 3*f. List the prime factors of y.
3, 5
Let j(y) = y**3 + 3*y**2 - 11*y - 5. What are the prime factors of j(5)?
2, 5, 7
Let d = -3 + 5. Suppose 4*j - d - 10 = 0. List the prime factors of j.
3
Let l(c) be the third derivative of -c**5/12 + c**4/24 + 2*c**3/3 + 3*c**2. Let u be l(4). List the prime factors of u/6*-1*1.
2, 3
Let y = 74 + -39. List the prime factors of y.
5, 7
Suppose p - 120 = -4*p. Suppose -